{"id":35462,"date":"2018-10-24T11:32:57","date_gmt":"2018-10-24T11:32:57","guid":{"rendered":"http:\/\/parkprojectberlin.com\/?post_type=project&#038;p=35462"},"modified":"2022-02-28T08:57:45","modified_gmt":"2022-02-28T08:57:45","slug":"steglitz-encounters-the-people","status":"publish","type":"project","link":"https:\/\/parkprojectberlin.com\/de\/project\/steglitz-encounters-the-people\/","title":{"rendered":"STEGLITZ ENCOUNTERS | the people"},"content":{"rendered":"<p>[et_pb_section fb_built=&#8220;1&#8243; admin_label=&#8220;Hero&#8220; _builder_version=&#8220;3.22&#8243; background_color=&#8220;rgba(255,255,255,0.35)&#8220; background_image=&#8220;https:\/\/parkprojectberlin.com\/wp-content\/uploads\/2018\/08\/Steglitz_Header_Flower.jpg&#8220; background_blend=&#8220;multiply&#8220; custom_padding=&#8220;120px|0px|279px|0px|false|false&#8220; animation_style=&#8220;zoom&#8220; animation_intensity_zoom=&#8220;4%&#8220;][\/et_pb_section][et_pb_section fb_built=&#8220;1&#8243; admin_label=&#8220;Intro Section&#8220; _builder_version=&#8220;3.22&#8243; custom_padding=&#8220;0|0px|0|0px&#8220;][et_pb_row admin_label=&#8220;Title&#8220; _builder_version=&#8220;3.25&#8243; custom_padding=&#8220;78px|0px|27px|0px|false|false&#8220;][et_pb_column type=&#8220;4_4&#8243; _builder_version=&#8220;3.25&#8243; custom_padding=&#8220;|||&#8220; custom_padding__hover=&#8220;|||&#8220;][et_pb_text admin_label=&#8220;Title&#8220; _builder_version=&#8220;4.7.7&#8243; hover_enabled=&#8220;0&#8243; header_2_font_size_tablet=&#8220;38px&#8220; header_2_font_size_phone=&#8220;28px&#8220; header_2_font_size_last_edited=&#8220;on|phone&#8220; header_font=&#8220;|300|||||||&#8220; header_text_color=&#8220;#000000&#8243; header_font_size=&#8220;40px&#8220; header_font_size_last_edited=&#8220;on|phone&#8220; sticky_enabled=&#8220;0&#8243; header_font_size_phone=&#8220;26px&#8220;]<\/p>\n<h1 style=\"text-align: center;\">STEGLITZ ENCOUNTERS | the people<\/h1>\n<p>[\/et_pb_text][\/et_pb_column][\/et_pb_row][et_pb_row admin_label=&#8220;Click to see photos&#8220; _builder_version=&#8220;4.4.1&#8243; custom_padding=&#8220;0px||0px||false|false&#8220;][et_pb_column type=&#8220;4_4&#8243; _builder_version=&#8220;3.25&#8243; custom_padding=&#8220;|||&#8220; custom_padding__hover=&#8220;|||&#8220;][et_pb_text admin_label=&#8220;Click to see photos&#8220; _builder_version=&#8220;3.27.4&#8243;]<\/p>\n<p style=\"text-align: center;\">Klicken Sie auf die Fotos unten, um durch die Galerie zu bl\u00e4ttern |\u00a0Click the photos below to scroll through the gallery<\/p>\n<p>[\/et_pb_text][\/et_pb_column][\/et_pb_row][\/et_pb_section][et_pb_section fb_built=&#8220;1&#8243; admin_label=&#8220;Photo Gallery&#8220; _builder_version=&#8220;3.22&#8243; background_color=&#8220;#ffffff&#8220; custom_padding=&#8220;0|0px|0|0px|false|false&#8220;][et_pb_row _builder_version=&#8220;4.4.1&#8243; background_size=&#8220;initial&#8220; background_position=&#8220;top_left&#8220; background_repeat=&#8220;repeat&#8220; custom_padding=&#8220;||0px||false|false&#8220;][et_pb_column type=&#8220;4_4&#8243; _builder_version=&#8220;3.25&#8243; custom_padding=&#8220;|||&#8220; custom_padding__hover=&#8220;|||&#8220;][et_pb_gallery gallery_ids=&#8220;31335,31221,31328,31329,31330,31331,31332,31336,31337,31338,31339,31340,31341,31343&#8243; fullwidth=&#8220;on&#8220; _builder_version=&#8220;3.11.1&#8243;][\/et_pb_gallery][et_pb_text _builder_version=&#8220;4.4.1&#8243; text_font_size=&#8220;15px&#8220; custom_margin=&#8220;-18px|||||&#8220; text_font_size_tablet=&#8220;14px&#8220; text_font_size_phone=&#8220;10px&#8220; text_font_size_last_edited=&#8220;on|phone&#8220;]<\/p>\n<p style=\"text-align: right;\"><span style=\"color: #000000;\">Photos by Gundula Friese<\/span><\/p>\n<p>[\/et_pb_text][\/et_pb_column][\/et_pb_row][\/et_pb_section][et_pb_section fb_built=&#8220;1&#8243; admin_label=&#8220;Date &#038; Categories&#8220; _builder_version=&#8220;3.22&#8243; custom_margin=&#8220;|||&#8220; custom_padding=&#8220;22px||0|&#8220;][et_pb_row _builder_version=&#8220;4.4.1&#8243; custom_padding=&#8220;0px||0px||false|false&#8220;][et_pb_column type=&#8220;4_4&#8243; _builder_version=&#8220;4.4.1&#8243;][et_pb_text _builder_version=&#8220;3.27.4&#8243;]<strong>Photographed: <\/strong> July, 2018<br \/>\n<strong>Location: <\/strong> Lilienthal Park, Stadtpark Steglitz<\/p>\n<p>&nbsp;<br \/>\n[\/et_pb_text][\/et_pb_column][\/et_pb_row][\/et_pb_section][et_pb_section fb_built=&#8220;1&#8243; admin_label=&#8220;Description&#8220; _builder_version=&#8220;3.22&#8243; background_color=&#8220;#969696&#8243; custom_padding=&#8220;17px|0px|110px|0px&#8220;][et_pb_row admin_label=&#8220;About the Photos&#8220; _builder_version=&#8220;3.25&#8243; background_size=&#8220;initial&#8220; background_position=&#8220;top_left&#8220; background_repeat=&#8220;repeat&#8220;][et_pb_column type=&#8220;4_4&#8243; _builder_version=&#8220;3.25&#8243; custom_padding=&#8220;|||&#8220; custom_padding__hover=&#8220;|||&#8220;][et_pb_text admin_label=&#8220;About the Photos&#8220; _builder_version=&#8220;3.27.4&#8243; text_text_color=&#8220;#353740&#8243; text_font_size=&#8220;24px&#8220; text_line_height=&#8220;1.8em&#8220; background_size=&#8220;initial&#8220; background_position=&#8220;top_left&#8220; background_repeat=&#8220;repeat&#8220; text_orientation=&#8220;center&#8220; max_width=&#8220;700px&#8220; module_alignment=&#8220;center&#8220; animation_style=&#8220;flip&#8220; animation_direction=&#8220;top&#8220; animation_intensity_flip=&#8220;20%&#8220;]<\/p>\n<h3><span style=\"color: #ffffff;\">\u00dcber die fotos\u00a0| About the photos<\/span><\/h3>\n<p>[\/et_pb_text][\/et_pb_column][\/et_pb_row][et_pb_row admin_label=&#8220;Decription&#8220; _builder_version=&#8220;3.25&#8243;][et_pb_column type=&#8220;4_4&#8243; _builder_version=&#8220;3.25&#8243; custom_padding=&#8220;|||&#8220; custom_padding__hover=&#8220;|||&#8220;][et_pb_text admin_label=&#8220;Description&#8220; _builder_version=&#8220;3.27.4&#8243; text_font=&#8220;||||||||&#8220; text_text_color=&#8220;#ffffff&#8220;]<\/p>\n<p><span style=\"color: #ffffff;\">Ich lebe seit etwa 20 Jahren in Berlin und erlebe die st\u00e4ndige Ver\u00e4nderung und Umgestaltung dieser Stadt hautnah. Was sich allerdings kaum zu ver\u00e4ndern scheint sind unsere Parks.<br \/> <\/span><\/p>\n<p><span style=\"color: #ffffff;\">Die Baum- und Wasserlandschaften geben uns das Gef\u00fchl, dass wir hier etwas Best\u00e4ndiges, etwas Unver\u00e4nderbares erleben. Etwas, das uns verbindet mit unserer inneren Natur. Das Einzige was sich \u00e4ndert ist das Licht. Das Licht ist eines der mysteri\u00f6sesten Ph\u00e4nomene. Wenn wir einen Blick auf seine verzerrenden Eigenschaften werfen und den Moment der\u00a0 Belichtung untersuchen, indem wir es auf die magische Oberfl\u00e4che eines lichtempfindlichen Films\u00a0 \u00fcbertragen, werden wir manchmal in die intimsten Ecken unserer menschlichen Seele gelangen.\u00a0<\/span><\/p>\n<p>Ich w\u00e4hle f\u00fcr dieses Experiment eine analoge Mittelformatkamera und nutze \u00fcberlagertes Rollfilmmaterial aus einem Land, das es nicht mehr gibt. Die Menschen, die sich mir ins Bild stellen bilden subjektive, emotionale Felder. Sie gehen eine Symbiose mit ihrem Umfeld ein, wie Akteure auf einer B\u00fchne. Wir wissen, dass Licht die ultimative Geschwindigkeit im Universum darstellt und gleichzeitig seine grundlegende Dimension, die Zeit selbst zu erhalten vermag. Wenn wir als Betrachter der Portraits, sowohl die Betrachteten als auch uns selbst als Passagiere auf einem Lichtstrahl verstehen, haben wir die schamanische Qualit\u00e4t der k\u00fcnstlerischen Fotografie verstanden und das Experiment w\u00e4re gelungen.<\/p>\n<p>&#8211; Gundula Friese<\/p>\n<p>[\/et_pb_text][\/et_pb_column][\/et_pb_row][\/et_pb_section][et_pb_section fb_built=&#8220;1&#8243; disabled_on=&#8220;off|off|off&#8220; admin_label=&#8220;Funder Section&#8220; _builder_version=&#8220;3.22&#8243;][et_pb_row admin_label=&#8220;Support&#8220; _builder_version=&#8220;3.25&#8243;][et_pb_column type=&#8220;4_4&#8243; _builder_version=&#8220;3.25&#8243; custom_padding=&#8220;|||&#8220; custom_padding__hover=&#8220;|||&#8220;][et_pb_text _builder_version=&#8220;3.27.4&#8243; text_font=&#8220;||||||||&#8220; text_font_size=&#8220;20px&#8220;]With support from<br \/>\n[\/et_pb_text][\/et_pb_column][\/et_pb_row][et_pb_row column_structure=&#8220;1_3,1_3,1_3&#8243; admin_label=&#8220;Logos&#8220; _builder_version=&#8220;3.25&#8243; custom_padding=&#8220;0|0px|27px|0px|false|false&#8220;][et_pb_column type=&#8220;1_3&#8243; _builder_version=&#8220;3.25&#8243; custom_padding=&#8220;|||&#8220; custom_padding__hover=&#8220;|||&#8220;][et_pb_image src=&#8220;https:\/\/parkprojectberlin.com\/wp-content\/uploads\/2018\/10\/Fb-Kultur-SZ.png&#8220; align_tablet=&#8220;center&#8220; align_phone=&#8220;&#8220; align_last_edited=&#8220;on|desktop&#8220; admin_label=&#8220;Steglitz&#8220; _builder_version=&#8220;3.23&#8243; max_width=&#8220;70%&#8220; max_width_tablet=&#8220;35%&#8220; max_width_phone=&#8220;&#8220; max_width_last_edited=&#8220;on|tablet&#8220;][\/et_pb_image][\/et_pb_column][et_pb_column type=&#8220;1_3&#8243; _builder_version=&#8220;3.25&#8243; custom_padding=&#8220;|||&#8220; custom_padding__hover=&#8220;|||&#8220;][et_pb_image src=&#8220;https:\/\/parkprojectberlin.com\/wp-content\/uploads\/2018\/10\/velogut_LOGO_black.png&#8220; align_tablet=&#8220;center&#8220; align_phone=&#8220;&#8220; align_last_edited=&#8220;on|desktop&#8220; admin_label=&#8220;Velogut&#8220; _builder_version=&#8220;3.23&#8243; max_width=&#8220;32%&#8220; max_width_tablet=&#8220;20%&#8220; max_width_phone=&#8220;&#8220; max_width_last_edited=&#8220;on|tablet&#8220;][\/et_pb_image][\/et_pb_column][et_pb_column type=&#8220;1_3&#8243; _builder_version=&#8220;3.25&#8243; custom_padding=&#8220;|||&#8220; custom_padding__hover=&#8220;|||&#8220;][\/et_pb_column][\/et_pb_row][\/et_pb_section][et_pb_section fb_built=&#8220;1&#8243; fullwidth=&#8220;on&#8220; admin_label=&#8220;Map&#8220; _builder_version=&#8220;3.22&#8243;][et_pb_fullwidth_map address=&#8220;10317 Berlin, Germany&#8220; zoom_level=&#8220;12&#8243; address_lat=&#8220;52.440274504934&#8243; address_lng=&#8220;13.350642182954&#8243; mouse_wheel=&#8220;off&#8220; mobile_dragging=&#8220;off&#8220; _builder_version=&#8220;3.11.1&#8243; child_filter_sepia=&#8220;14%&#8220;][et_pb_map_pin title=&#8220;LILIENTHAL PARK&#8220; pin_address=&#8220;Fliegeberg, 12209 Berlin, Germany&#8220; pin_address_lat=&#8220;52.41419&#8243; pin_address_lng=&#8220;13.32898&#8243; _builder_version=&#8220;3.11.1&#8243;][\/et_pb_map_pin][et_pb_map_pin title=&#8220;STADPARK STEGLITZ&#8220; pin_address=&#8220;Steglitz Park, Albrechtstra\u00dfe 42, 12167 Berlin, Germany&#8220; pin_address_lat=&#8220;52.4483108&#8243; pin_address_lng=&#8220;13.3362398&#8243; _builder_version=&#8220;3.11.1&#8243;][\/et_pb_map_pin][\/et_pb_fullwidth_map][\/et_pb_section][et_pb_section fb_built=&#8220;1&#8243; fullwidth=&#8220;on&#8220; admin_label=&#8220;Menu&#8220; _builder_version=&#8220;3.22&#8243;][et_pb_fullwidth_menu menu_id=&#8220;33&#8243; _builder_version=&#8220;3.18.7&#8243;][\/et_pb_fullwidth_menu][\/et_pb_section]<\/p>\n","protected":false},"excerpt":{"rendered":"<p>STEGLITZ ENCOUNTERS | the people Klicken Sie auf die Fotos unten, um durch die Galerie zu bl\u00e4ttern |\u00a0Click the photos below to scroll through the gallery Photos by Gundula FriesePhotographed: July, 2018 Location: Lilienthal Park, Stadtpark Steglitz &nbsp; \u00dcber die fotos\u00a0| About the photos Ich lebe seit etwa 20 Jahren in Berlin und erlebe die [&hellip;]<\/p>\n","protected":false},"author":1,"featured_media":35016,"comment_status":"closed","ping_status":"closed","template":"","meta":{"_et_pb_use_builder":"on","_et_pb_old_content":"<p>[et_pb_section bb_built=\"1\"][et_pb_row][\/et_pb_row][\/et_pb_section]<\/p>","_et_gb_content_width":"","footnotes":""},"project_category":[82,79,73],"project_tag":[],"class_list":["post-35462","project","type-project","status-publish","has-post-thumbnail","hentry","project_category-gesprache","project_category-sommer","project_category-steglitz-zehlendorf-de"],"_links":{"self":[{"href":"https:\/\/parkprojectberlin.com\/de\/wp-json\/wp\/v2\/project\/35462","targetHints":{"allow":["GET"]}}],"collection":[{"href":"https:\/\/parkprojectberlin.com\/de\/wp-json\/wp\/v2\/project"}],"about":[{"href":"https:\/\/parkprojectberlin.com\/de\/wp-json\/wp\/v2\/types\/project"}],"author":[{"embeddable":true,"href":"https:\/\/parkprojectberlin.com\/de\/wp-json\/wp\/v2\/users\/1"}],"replies":[{"embeddable":true,"href":"https:\/\/parkprojectberlin.com\/de\/wp-json\/wp\/v2\/comments?post=35462"}],"version-history":[{"count":1,"href":"https:\/\/parkprojectberlin.com\/de\/wp-json\/wp\/v2\/project\/35462\/revisions"}],"predecessor-version":[{"id":38618,"href":"https:\/\/parkprojectberlin.com\/de\/wp-json\/wp\/v2\/project\/35462\/revisions\/38618"}],"wp:featuredmedia":[{"embeddable":true,"href":"https:\/\/parkprojectberlin.com\/de\/wp-json\/wp\/v2\/media\/35016"}],"wp:attachment":[{"href":"https:\/\/parkprojectberlin.com\/de\/wp-json\/wp\/v2\/media?parent=35462"}],"wp:term":[{"taxonomy":"project_category","embeddable":true,"href":"https:\/\/parkprojectberlin.com\/de\/wp-json\/wp\/v2\/project_category?post=35462"},{"taxonomy":"project_tag","embeddable":true,"href":"https:\/\/parkprojectberlin.com\/de\/wp-json\/wp\/v2\/project_tag?post=35462"}],"curies":[{"name":"wp","href":"https:\/\/api.w.org\/{rel}","templated":true}]}}

<p>[et_pb_section fb_built=&#8220;1&#8243; admin_label=&#8220;Hero&#8220; _builder_version=&#8220;3.22&#8243; background_color=&#8220;rgba(255,255,255,0.35)&#8220; background_image=&#8220;https://parkprojectberlin.com/wp-content/uploads/2018/08/Steglitz_Header_Flower.jpg&#8220; background_blend=&#8220;multiply&#8220; custom_padding=&#8220;120px|0px|279px|0px|false|false&#8220; animation_style=&#8220;zoom&#8220; animation_intensity_zoom=&#8220;4%&#8220;][/et_pb_section][et_pb_section fb_built=&#8220;1&#8243; admin_label=&#8220;Intro Section&#8220; _builder_version=&#8220;3.22&#8243; custom_padding=&#8220;0|0px|0|0px&#8220;][et_pb_row admin_label=&#8220;Title&#8220; _builder_version=&#8220;3.25&#8243; custom_padding=&#8220;78px|0px|27px|0px|false|false&#8220;][et_pb_column type=&#8220;4_4&#8243; _builder_version=&#8220;3.25&#8243; custom_padding=&#8220;|||&#8220; custom_padding__hover=&#8220;|||&#8220;][et_pb_text admin_label=&#8220;Title&#8220; _builder_version=&#8220;4.7.7&#8243; hover_enabled=&#8220;0&#8243; header_2_font_size_tablet=&#8220;38px&#8220; header_2_font_size_phone=&#8220;28px&#8220; header_2_font_size_last_edited=&#8220;on|phone&#8220; header_font=&#8220;|300|||||||&#8220; header_text_color=&#8220;#000000&#8243; header_font_size=&#8220;40px&#8220; header_font_size_last_edited=&#8220;on|phone&#8220; sticky_enabled=&#8220;0&#8243; header_font_size_phone=&#8220;26px&#8220;]</p>
<h1 style="text-align: center;">STEGLITZ ENCOUNTERS | the people</h1>
<p>[/et_pb_text][/et_pb_column][/et_pb_row][et_pb_row admin_label=&#8220;Click to see photos&#8220; _builder_version=&#8220;4.4.1&#8243; custom_padding=&#8220;0px||0px||false|false&#8220;][et_pb_column type=&#8220;4_4&#8243; _builder_version=&#8220;3.25&#8243; custom_padding=&#8220;|||&#8220; custom_padding__hover=&#8220;|||&#8220;][et_pb_text admin_label=&#8220;Click to see photos&#8220; _builder_version=&#8220;3.27.4&#8243;]</p>
<p style="text-align: center;">Klicken Sie auf die Fotos unten, um durch die Galerie zu blättern | Click the photos below to scroll through the gallery</p>
<p>[/et_pb_text][/et_pb_column][/et_pb_row][/et_pb_section][et_pb_section fb_built=&#8220;1&#8243; admin_label=&#8220;Photo Gallery&#8220; _builder_version=&#8220;3.22&#8243; background_color=&#8220;#ffffff&#8220; custom_padding=&#8220;0|0px|0|0px|false|false&#8220;][et_pb_row _builder_version=&#8220;4.4.1&#8243; background_size=&#8220;initial&#8220; background_position=&#8220;top_left&#8220; background_repeat=&#8220;repeat&#8220; custom_padding=&#8220;||0px||false|false&#8220;][et_pb_column type=&#8220;4_4&#8243; _builder_version=&#8220;3.25&#8243; custom_padding=&#8220;|||&#8220; custom_padding__hover=&#8220;|||&#8220;][et_pb_gallery gallery_ids=&#8220;31335,31221,31328,31329,31330,31331,31332,31336,31337,31338,31339,31340,31341,31343&#8243; fullwidth=&#8220;on&#8220; _builder_version=&#8220;3.11.1&#8243;][/et_pb_gallery][et_pb_text _builder_version=&#8220;4.4.1&#8243; text_font_size=&#8220;15px&#8220; custom_margin=&#8220;-18px|||||&#8220; text_font_size_tablet=&#8220;14px&#8220; text_font_size_phone=&#8220;10px&#8220; text_font_size_last_edited=&#8220;on|phone&#8220;]</p>
<p style="text-align: right;"><span style="color: #000000;">Photos by Gundula Friese</span></p>
<p>[/et_pb_text][/et_pb_column][/et_pb_row][/et_pb_section][et_pb_section fb_built=&#8220;1&#8243; admin_label=&#8220;Date &#038; Categories&#8220; _builder_version=&#8220;3.22&#8243; custom_margin=&#8220;|||&#8220; custom_padding=&#8220;22px||0|&#8220;][et_pb_row _builder_version=&#8220;4.4.1&#8243; custom_padding=&#8220;0px||0px||false|false&#8220;][et_pb_column type=&#8220;4_4&#8243; _builder_version=&#8220;4.4.1&#8243;][et_pb_text _builder_version=&#8220;3.27.4&#8243;]<strong>Photographed: </strong> July, 2018<br />
<strong>Location: </strong> Lilienthal Park, Stadtpark Steglitz</p>
<p>&nbsp;<br />
[/et_pb_text][/et_pb_column][/et_pb_row][/et_pb_section][et_pb_section fb_built=&#8220;1&#8243; admin_label=&#8220;Description&#8220; _builder_version=&#8220;3.22&#8243; background_color=&#8220;#969696&#8243; custom_padding=&#8220;17px|0px|110px|0px&#8220;][et_pb_row admin_label=&#8220;About the Photos&#8220; _builder_version=&#8220;3.25&#8243; background_size=&#8220;initial&#8220; background_position=&#8220;top_left&#8220; background_repeat=&#8220;repeat&#8220;][et_pb_column type=&#8220;4_4&#8243; _builder_version=&#8220;3.25&#8243; custom_padding=&#8220;|||&#8220; custom_padding__hover=&#8220;|||&#8220;][et_pb_text admin_label=&#8220;About the Photos&#8220; _builder_version=&#8220;3.27.4&#8243; text_text_color=&#8220;#353740&#8243; text_font_size=&#8220;24px&#8220; text_line_height=&#8220;1.8em&#8220; background_size=&#8220;initial&#8220; background_position=&#8220;top_left&#8220; background_repeat=&#8220;repeat&#8220; text_orientation=&#8220;center&#8220; max_width=&#8220;700px&#8220; module_alignment=&#8220;center&#8220; animation_style=&#8220;flip&#8220; animation_direction=&#8220;top&#8220; animation_intensity_flip=&#8220;20%&#8220;]</p>
<h3><span style="color: #ffffff;">Über die fotos | About the photos</span></h3>
<p>[/et_pb_text][/et_pb_column][/et_pb_row][et_pb_row admin_label=&#8220;Decription&#8220; _builder_version=&#8220;3.25&#8243;][et_pb_column type=&#8220;4_4&#8243; _builder_version=&#8220;3.25&#8243; custom_padding=&#8220;|||&#8220; custom_padding__hover=&#8220;|||&#8220;][et_pb_text admin_label=&#8220;Description&#8220; _builder_version=&#8220;3.27.4&#8243; text_font=&#8220;||||||||&#8220; text_text_color=&#8220;#ffffff&#8220;]</p>
<p><span style="color: #ffffff;">Ich lebe seit etwa 20 Jahren in Berlin und erlebe die ständige Veränderung und Umgestaltung dieser Stadt hautnah. Was sich allerdings kaum zu verändern scheint sind unsere Parks.<br /> </span></p>
<p><span style="color: #ffffff;">Die Baum- und Wasserlandschaften geben uns das Gefühl, dass wir hier etwas Beständiges, etwas Unveränderbares erleben. Etwas, das uns verbindet mit unserer inneren Natur. Das Einzige was sich ändert ist das Licht. Das Licht ist eines der mysteriösesten Phänomene. Wenn wir einen Blick auf seine verzerrenden Eigenschaften werfen und den Moment der  Belichtung untersuchen, indem wir es auf die magische Oberfläche eines lichtempfindlichen Films  übertragen, werden wir manchmal in die intimsten Ecken unserer menschlichen Seele gelangen. </span></p>
<p>Ich wähle für dieses Experiment eine analoge Mittelformatkamera und nutze überlagertes Rollfilmmaterial aus einem Land, das es nicht mehr gibt. Die Menschen, die sich mir ins Bild stellen bilden subjektive, emotionale Felder. Sie gehen eine Symbiose mit ihrem Umfeld ein, wie Akteure auf einer Bühne. Wir wissen, dass Licht die ultimative Geschwindigkeit im Universum darstellt und gleichzeitig seine grundlegende Dimension, die Zeit selbst zu erhalten vermag. Wenn wir als Betrachter der Portraits, sowohl die Betrachteten als auch uns selbst als Passagiere auf einem Lichtstrahl verstehen, haben wir die schamanische Qualität der künstlerischen Fotografie verstanden und das Experiment wäre gelungen.</p>
<p>&#8211; Gundula Friese</p>
<p>[/et_pb_text][/et_pb_column][/et_pb_row][/et_pb_section][et_pb_section fb_built=&#8220;1&#8243; disabled_on=&#8220;off|off|off&#8220; admin_label=&#8220;Funder Section&#8220; _builder_version=&#8220;3.22&#8243;][et_pb_row admin_label=&#8220;Support&#8220; _builder_version=&#8220;3.25&#8243;][et_pb_column type=&#8220;4_4&#8243; _builder_version=&#8220;3.25&#8243; custom_padding=&#8220;|||&#8220; custom_padding__hover=&#8220;|||&#8220;][et_pb_text _builder_version=&#8220;3.27.4&#8243; text_font=&#8220;||||||||&#8220; text_font_size=&#8220;20px&#8220;]With support from<br />
[/et_pb_text][/et_pb_column][/et_pb_row][et_pb_row column_structure=&#8220;1_3,1_3,1_3&#8243; admin_label=&#8220;Logos&#8220; _builder_version=&#8220;3.25&#8243; custom_padding=&#8220;0|0px|27px|0px|false|false&#8220;][et_pb_column type=&#8220;1_3&#8243; _builder_version=&#8220;3.25&#8243; custom_padding=&#8220;|||&#8220; custom_padding__hover=&#8220;|||&#8220;][et_pb_image src=&#8220;https://parkprojectberlin.com/wp-content/uploads/2018/10/Fb-Kultur-SZ.png&#8220; align_tablet=&#8220;center&#8220; align_phone=&#8220;&#8220; align_last_edited=&#8220;on|desktop&#8220; admin_label=&#8220;Steglitz&#8220; _builder_version=&#8220;3.23&#8243; max_width=&#8220;70%&#8220; max_width_tablet=&#8220;35%&#8220; max_width_phone=&#8220;&#8220; max_width_last_edited=&#8220;on|tablet&#8220;][/et_pb_image][/et_pb_column][et_pb_column type=&#8220;1_3&#8243; _builder_version=&#8220;3.25&#8243; custom_padding=&#8220;|||&#8220; custom_padding__hover=&#8220;|||&#8220;][et_pb_image src=&#8220;https://parkprojectberlin.com/wp-content/uploads/2018/10/velogut_LOGO_black.png&#8220; align_tablet=&#8220;center&#8220; align_phone=&#8220;&#8220; align_last_edited=&#8220;on|desktop&#8220; admin_label=&#8220;Velogut&#8220; _builder_version=&#8220;3.23&#8243; max_width=&#8220;32%&#8220; max_width_tablet=&#8220;20%&#8220; max_width_phone=&#8220;&#8220; max_width_last_edited=&#8220;on|tablet&#8220;][/et_pb_image][/et_pb_column][et_pb_column type=&#8220;1_3&#8243; _builder_version=&#8220;3.25&#8243; custom_padding=&#8220;|||&#8220; custom_padding__hover=&#8220;|||&#8220;][/et_pb_column][/et_pb_row][/et_pb_section][et_pb_section fb_built=&#8220;1&#8243; fullwidth=&#8220;on&#8220; admin_label=&#8220;Map&#8220; _builder_version=&#8220;3.22&#8243;][et_pb_fullwidth_map address=&#8220;10317 Berlin, Germany&#8220; zoom_level=&#8220;12&#8243; address_lat=&#8220;52.440274504934&#8243; address_lng=&#8220;13.350642182954&#8243; mouse_wheel=&#8220;off&#8220; mobile_dragging=&#8220;off&#8220; _builder_version=&#8220;3.11.1&#8243; child_filter_sepia=&#8220;14%&#8220;][et_pb_map_pin title=&#8220;LILIENTHAL PARK&#8220; pin_address=&#8220;Fliegeberg, 12209 Berlin, Germany&#8220; pin_address_lat=&#8220;52.41419&#8243; pin_address_lng=&#8220;13.32898&#8243; _builder_version=&#8220;3.11.1&#8243;][/et_pb_map_pin][et_pb_map_pin title=&#8220;STADPARK STEGLITZ&#8220; pin_address=&#8220;Steglitz Park, Albrechtstraße 42, 12167 Berlin, Germany&#8220; pin_address_lat=&#8220;52.4483108&#8243; pin_address_lng=&#8220;13.3362398&#8243; _builder_version=&#8220;3.11.1&#8243;][/et_pb_map_pin][/et_pb_fullwidth_map][/et_pb_section][et_pb_section fb_built=&#8220;1&#8243; fullwidth=&#8220;on&#8220; admin_label=&#8220;Menu&#8220; _builder_version=&#8220;3.22&#8243;][et_pb_fullwidth_menu menu_id=&#8220;33&#8243; _builder_version=&#8220;3.18.7&#8243;][/et_pb_fullwidth_menu][/et_pb_section]</p>

<p>STEGLITZ ENCOUNTERS | the people Klicken Sie auf die Fotos unten, um durch die Galerie zu blättern | Click the photos below to scroll through the gallery Photos by Gundula FriesePhotographed: July, 2018 Location: Lilienthal Park, Stadtpark Steglitz &nbsp; Über die fotos | About the photos Ich lebe seit etwa 20 Jahren in Berlin und erlebe die [&hellip;]</p>
