{"id":35443,"date":"2018-11-01T10:20:34","date_gmt":"2018-11-01T10:20:34","guid":{"rendered":"http:\/\/parkprojectberlin.com\/?post_type=project&#038;p=35443"},"modified":"2022-02-28T08:57:00","modified_gmt":"2022-02-28T08:57:00","slug":"fauler-see-summer-forest-bath","status":"publish","type":"project","link":"https:\/\/parkprojectberlin.com\/de\/project\/fauler-see-summer-forest-bath\/","title":{"rendered":"FAULER SEE | summer forest bath"},"content":{"rendered":"<p>[et_pb_section fb_built=&#8220;1&#8243; admin_label=&#8220;Hero&#8220; _builder_version=&#8220;3.22&#8243; background_color=&#8220;rgba(255,255,255,0.35)&#8220; background_image=&#8220;https:\/\/parkprojectberlin.com\/wp-content\/uploads\/2018\/10\/Header_Project_FaulerSee.jpg&#8220; background_blend=&#8220;multiply&#8220; custom_padding=&#8220;120px|0px|279px|0px&#8220; animation_style=&#8220;zoom&#8220; animation_intensity_zoom=&#8220;4%&#8220;][\/et_pb_section][et_pb_section fb_built=&#8220;1&#8243; admin_label=&#8220;Video Section&#8220; _builder_version=&#8220;3.22&#8243; custom_padding=&#8220;0|0px|0|0px&#8220;][et_pb_row admin_label=&#8220;Video Title&#8220; _builder_version=&#8220;3.25&#8243; custom_padding=&#8220;50px|0px|20px|0px|false|false&#8220;][et_pb_column type=&#8220;4_4&#8243; _builder_version=&#8220;3.25&#8243; custom_padding=&#8220;|||&#8220; custom_padding__hover=&#8220;|||&#8220;][et_pb_text admin_label=&#8220;Video Title&#8220; _builder_version=&#8220;4.7.7&#8243; hover_enabled=&#8220;0&#8243; header_2_font_size_tablet=&#8220;38px&#8220; header_2_font_size_phone=&#8220;28px&#8220; header_2_font_size_last_edited=&#8220;on|phone&#8220; header_font=&#8220;|300|||||||&#8220; header_text_color=&#8220;#000000&#8243; header_font_size=&#8220;40px&#8220; header_font_size_last_edited=&#8220;on|phone&#8220; sticky_enabled=&#8220;0&#8243; header_font_size_phone=&#8220;26px&#8220;]<\/p>\n<h1 style=\"text-align: center;\">FAULER SEE | summer forest bath<\/h1>\n<p>[\/et_pb_text][\/et_pb_column][\/et_pb_row][et_pb_row admin_label=&#8220;Video&#8220; _builder_version=&#8220;3.25&#8243;][et_pb_column type=&#8220;4_4&#8243; _builder_version=&#8220;3.25&#8243; custom_padding=&#8220;|||&#8220; custom_padding__hover=&#8220;|||&#8220;][et_pb_video src=&#8220;https:\/\/vimeo.com\/297773382&#8243; play_icon_color=&#8220;#ffffff&#8220; _builder_version=&#8220;3.11.1&#8243;][\/et_pb_video][\/et_pb_column][\/et_pb_row][\/et_pb_section][et_pb_section fb_built=&#8220;1&#8243; admin_label=&#8220;Date &#038; Categories&#8220; _builder_version=&#8220;3.22&#8243; custom_margin=&#8220;|||&#8220; custom_padding=&#8220;22px||0|&#8220;][et_pb_row _builder_version=&#8220;4.4.1&#8243; custom_padding=&#8220;0px||0px||false|false&#8220;][et_pb_column type=&#8220;4_4&#8243; _builder_version=&#8220;4.4.1&#8243;][et_pb_text _builder_version=&#8220;4.4.1&#8243;]<\/p>\n<p><strong>Filmdatum: <\/strong> July 15, 2018<br \/> <strong>Ort: <\/strong> Fauler See, Lichtenberg<\/p>\n<p>&nbsp;<\/p>\n<p>[\/et_pb_text][\/et_pb_column][\/et_pb_row][\/et_pb_section][et_pb_section fb_built=&#8220;1&#8243; admin_label=&#8220;Video Description&#8220; _builder_version=&#8220;3.22&#8243; background_color=&#8220;#969696&#8243; custom_padding=&#8220;17px|0px|3px|0px|false|false&#8220;][et_pb_row admin_label=&#8220;Video Description&#8220; _builder_version=&#8220;3.25&#8243; custom_padding=&#8220;27px|0px|50px|0px|false|false&#8220;][et_pb_column type=&#8220;4_4&#8243; _builder_version=&#8220;3.25&#8243; custom_padding=&#8220;|||&#8220; custom_padding__hover=&#8220;|||&#8220;][et_pb_text admin_label=&#8220;About the Video title&#8220; _builder_version=&#8220;4.4.1&#8243; text_font=&#8220;Julius Sans One||||||||&#8220; text_text_color=&#8220;#ffffff&#8220; text_font_size=&#8220;32px&#8220; text_line_height=&#8220;1.8em&#8220; background_size=&#8220;initial&#8220; background_position=&#8220;top_left&#8220; background_repeat=&#8220;repeat&#8220; text_orientation=&#8220;center&#8220; max_width=&#8220;700px&#8220; module_alignment=&#8220;left&#8220; animation_style=&#8220;flip&#8220; animation_direction=&#8220;top&#8220; animation_intensity_flip=&#8220;20%&#8220;]<\/p>\n<p style=\"text-align: left;\">\u00dcBER DAS VIDEO<\/p>\n<p>[\/et_pb_text][et_pb_text admin_label=&#8220;Video Description&#8220; _builder_version=&#8220;3.27.4&#8243; text_text_color=&#8220;#ffffff&#8220;]<\/p>\n<p>Fauler See wurde im vergangenen Winter geschlossen. St\u00fcrme im Sommer 2017 hatten B\u00e4ume um das Naturschutzgebiet und um Berlin herum umgeworfen. Die Spuren sind noch vorhanden, aber die gesunden B\u00e4ume sind \u00fcppig und gr\u00fcn.<\/p>\n<p>Dies ist das dritte Waldbad in einer Mini-Serie im Park Project Berlin. Ich genoss meinen Besuch am Fauler See, einem unerwarteten Juwel auf der Westseite von Lichtenberg.<\/p>\n<p>[\/et_pb_text][\/et_pb_column][\/et_pb_row][\/et_pb_section][et_pb_section fb_built=&#8220;1&#8243; fullwidth=&#8220;on&#8220; admin_label=&#8220;Map&#8220; _builder_version=&#8220;3.22&#8243;][et_pb_fullwidth_map address=&#8220;10317 Berlin, Germany&#8220; zoom_level=&#8220;13&#8243; address_lat=&#8220;52.551577462898&#8243; address_lng=&#8220;13.488884867364&#8243; mouse_wheel=&#8220;off&#8220; mobile_dragging=&#8220;off&#8220; _builder_version=&#8220;3.11.1&#8243; child_filter_sepia=&#8220;14%&#8220;][et_pb_map_pin title=&#8220;Fauler See&#8220; pin_address=&#8220;Fauler See, Am Faulen See, 13088 Berlin, Germany&#8220; pin_address_lat=&#8220;52.5544101&#8243; pin_address_lng=&#8220;13.4932437&#8243; _builder_version=&#8220;3.11.1&#8243;][\/et_pb_map_pin][\/et_pb_fullwidth_map][\/et_pb_section][et_pb_section fb_built=&#8220;1&#8243; fullwidth=&#8220;on&#8220; admin_label=&#8220;Project Menu&#8220; _builder_version=&#8220;3.22&#8243;][et_pb_fullwidth_menu menu_id=&#8220;33&#8243; submenu_direction=&#8220;upwards&#8220; active_link_color=&#8220;#8d2424&#8243; dropdown_menu_text_color=&#8220;rgba(0,0,0,0.55)&#8220; _builder_version=&#8220;3.18.7&#8243; text_orientation=&#8220;center&#8220;][\/et_pb_fullwidth_menu][\/et_pb_section]<\/p>\n","protected":false},"excerpt":{"rendered":"<p>FAULER SEE | summer forest bath Filmdatum: July 15, 2018 Ort: Fauler See, Lichtenberg &nbsp;\u00dcBER DAS VIDEOFauler See wurde im vergangenen Winter geschlossen. St\u00fcrme im Sommer 2017 hatten B\u00e4ume um das Naturschutzgebiet und um Berlin herum umgeworfen. Die Spuren sind noch vorhanden, aber die gesunden B\u00e4ume sind \u00fcppig und gr\u00fcn. Dies ist das dritte Waldbad [&hellip;]<\/p>\n","protected":false},"author":1,"featured_media":35021,"comment_status":"closed","ping_status":"closed","template":"","meta":{"_et_pb_use_builder":"on","_et_pb_old_content":"","_et_gb_content_width":"","footnotes":""},"project_category":[66,79,83],"project_tag":[],"class_list":["post-35443","project","type-project","status-publish","has-post-thumbnail","hentry","project_category-lichtenberg-de","project_category-sommer","project_category-wald-bad"],"_links":{"self":[{"href":"https:\/\/parkprojectberlin.com\/de\/wp-json\/wp\/v2\/project\/35443","targetHints":{"allow":["GET"]}}],"collection":[{"href":"https:\/\/parkprojectberlin.com\/de\/wp-json\/wp\/v2\/project"}],"about":[{"href":"https:\/\/parkprojectberlin.com\/de\/wp-json\/wp\/v2\/types\/project"}],"author":[{"embeddable":true,"href":"https:\/\/parkprojectberlin.com\/de\/wp-json\/wp\/v2\/users\/1"}],"replies":[{"embeddable":true,"href":"https:\/\/parkprojectberlin.com\/de\/wp-json\/wp\/v2\/comments?post=35443"}],"version-history":[{"count":1,"href":"https:\/\/parkprojectberlin.com\/de\/wp-json\/wp\/v2\/project\/35443\/revisions"}],"predecessor-version":[{"id":38617,"href":"https:\/\/parkprojectberlin.com\/de\/wp-json\/wp\/v2\/project\/35443\/revisions\/38617"}],"wp:featuredmedia":[{"embeddable":true,"href":"https:\/\/parkprojectberlin.com\/de\/wp-json\/wp\/v2\/media\/35021"}],"wp:attachment":[{"href":"https:\/\/parkprojectberlin.com\/de\/wp-json\/wp\/v2\/media?parent=35443"}],"wp:term":[{"taxonomy":"project_category","embeddable":true,"href":"https:\/\/parkprojectberlin.com\/de\/wp-json\/wp\/v2\/project_category?post=35443"},{"taxonomy":"project_tag","embeddable":true,"href":"https:\/\/parkprojectberlin.com\/de\/wp-json\/wp\/v2\/project_tag?post=35443"}],"curies":[{"name":"wp","href":"https:\/\/api.w.org\/{rel}","templated":true}]}}

<p>[et_pb_section fb_built=&#8220;1&#8243; admin_label=&#8220;Hero&#8220; _builder_version=&#8220;3.22&#8243; background_color=&#8220;rgba(255,255,255,0.35)&#8220; background_image=&#8220;https://parkprojectberlin.com/wp-content/uploads/2018/10/Header_Project_FaulerSee.jpg&#8220; background_blend=&#8220;multiply&#8220; custom_padding=&#8220;120px|0px|279px|0px&#8220; animation_style=&#8220;zoom&#8220; animation_intensity_zoom=&#8220;4%&#8220;][/et_pb_section][et_pb_section fb_built=&#8220;1&#8243; admin_label=&#8220;Video Section&#8220; _builder_version=&#8220;3.22&#8243; custom_padding=&#8220;0|0px|0|0px&#8220;][et_pb_row admin_label=&#8220;Video Title&#8220; _builder_version=&#8220;3.25&#8243; custom_padding=&#8220;50px|0px|20px|0px|false|false&#8220;][et_pb_column type=&#8220;4_4&#8243; _builder_version=&#8220;3.25&#8243; custom_padding=&#8220;|||&#8220; custom_padding__hover=&#8220;|||&#8220;][et_pb_text admin_label=&#8220;Video Title&#8220; _builder_version=&#8220;4.7.7&#8243; hover_enabled=&#8220;0&#8243; header_2_font_size_tablet=&#8220;38px&#8220; header_2_font_size_phone=&#8220;28px&#8220; header_2_font_size_last_edited=&#8220;on|phone&#8220; header_font=&#8220;|300|||||||&#8220; header_text_color=&#8220;#000000&#8243; header_font_size=&#8220;40px&#8220; header_font_size_last_edited=&#8220;on|phone&#8220; sticky_enabled=&#8220;0&#8243; header_font_size_phone=&#8220;26px&#8220;]</p>
<h1 style="text-align: center;">FAULER SEE | summer forest bath</h1>
<p>[/et_pb_text][/et_pb_column][/et_pb_row][et_pb_row admin_label=&#8220;Video&#8220; _builder_version=&#8220;3.25&#8243;][et_pb_column type=&#8220;4_4&#8243; _builder_version=&#8220;3.25&#8243; custom_padding=&#8220;|||&#8220; custom_padding__hover=&#8220;|||&#8220;][et_pb_video src=&#8220;https://vimeo.com/297773382&#8243; play_icon_color=&#8220;#ffffff&#8220; _builder_version=&#8220;3.11.1&#8243;][/et_pb_video][/et_pb_column][/et_pb_row][/et_pb_section][et_pb_section fb_built=&#8220;1&#8243; admin_label=&#8220;Date &#038; Categories&#8220; _builder_version=&#8220;3.22&#8243; custom_margin=&#8220;|||&#8220; custom_padding=&#8220;22px||0|&#8220;][et_pb_row _builder_version=&#8220;4.4.1&#8243; custom_padding=&#8220;0px||0px||false|false&#8220;][et_pb_column type=&#8220;4_4&#8243; _builder_version=&#8220;4.4.1&#8243;][et_pb_text _builder_version=&#8220;4.4.1&#8243;]</p>
<p><strong>Filmdatum: </strong> July 15, 2018<br /> <strong>Ort: </strong> Fauler See, Lichtenberg</p>
<p>&nbsp;</p>
<p>[/et_pb_text][/et_pb_column][/et_pb_row][/et_pb_section][et_pb_section fb_built=&#8220;1&#8243; admin_label=&#8220;Video Description&#8220; _builder_version=&#8220;3.22&#8243; background_color=&#8220;#969696&#8243; custom_padding=&#8220;17px|0px|3px|0px|false|false&#8220;][et_pb_row admin_label=&#8220;Video Description&#8220; _builder_version=&#8220;3.25&#8243; custom_padding=&#8220;27px|0px|50px|0px|false|false&#8220;][et_pb_column type=&#8220;4_4&#8243; _builder_version=&#8220;3.25&#8243; custom_padding=&#8220;|||&#8220; custom_padding__hover=&#8220;|||&#8220;][et_pb_text admin_label=&#8220;About the Video title&#8220; _builder_version=&#8220;4.4.1&#8243; text_font=&#8220;Julius Sans One||||||||&#8220; text_text_color=&#8220;#ffffff&#8220; text_font_size=&#8220;32px&#8220; text_line_height=&#8220;1.8em&#8220; background_size=&#8220;initial&#8220; background_position=&#8220;top_left&#8220; background_repeat=&#8220;repeat&#8220; text_orientation=&#8220;center&#8220; max_width=&#8220;700px&#8220; module_alignment=&#8220;left&#8220; animation_style=&#8220;flip&#8220; animation_direction=&#8220;top&#8220; animation_intensity_flip=&#8220;20%&#8220;]</p>
<p style="text-align: left;">ÜBER DAS VIDEO</p>
<p>[/et_pb_text][et_pb_text admin_label=&#8220;Video Description&#8220; _builder_version=&#8220;3.27.4&#8243; text_text_color=&#8220;#ffffff&#8220;]</p>
<p>Fauler See wurde im vergangenen Winter geschlossen. Stürme im Sommer 2017 hatten Bäume um das Naturschutzgebiet und um Berlin herum umgeworfen. Die Spuren sind noch vorhanden, aber die gesunden Bäume sind üppig und grün.</p>
<p>Dies ist das dritte Waldbad in einer Mini-Serie im Park Project Berlin. Ich genoss meinen Besuch am Fauler See, einem unerwarteten Juwel auf der Westseite von Lichtenberg.</p>
<p>[/et_pb_text][/et_pb_column][/et_pb_row][/et_pb_section][et_pb_section fb_built=&#8220;1&#8243; fullwidth=&#8220;on&#8220; admin_label=&#8220;Map&#8220; _builder_version=&#8220;3.22&#8243;][et_pb_fullwidth_map address=&#8220;10317 Berlin, Germany&#8220; zoom_level=&#8220;13&#8243; address_lat=&#8220;52.551577462898&#8243; address_lng=&#8220;13.488884867364&#8243; mouse_wheel=&#8220;off&#8220; mobile_dragging=&#8220;off&#8220; _builder_version=&#8220;3.11.1&#8243; child_filter_sepia=&#8220;14%&#8220;][et_pb_map_pin title=&#8220;Fauler See&#8220; pin_address=&#8220;Fauler See, Am Faulen See, 13088 Berlin, Germany&#8220; pin_address_lat=&#8220;52.5544101&#8243; pin_address_lng=&#8220;13.4932437&#8243; _builder_version=&#8220;3.11.1&#8243;][/et_pb_map_pin][/et_pb_fullwidth_map][/et_pb_section][et_pb_section fb_built=&#8220;1&#8243; fullwidth=&#8220;on&#8220; admin_label=&#8220;Project Menu&#8220; _builder_version=&#8220;3.22&#8243;][et_pb_fullwidth_menu menu_id=&#8220;33&#8243; submenu_direction=&#8220;upwards&#8220; active_link_color=&#8220;#8d2424&#8243; dropdown_menu_text_color=&#8220;rgba(0,0,0,0.55)&#8220; _builder_version=&#8220;3.18.7&#8243; text_orientation=&#8220;center&#8220;][/et_pb_fullwidth_menu][/et_pb_section]</p>

<p>FAULER SEE | summer forest bath Filmdatum: July 15, 2018 Ort: Fauler See, Lichtenberg &nbsp;ÜBER DAS VIDEOFauler See wurde im vergangenen Winter geschlossen. Stürme im Sommer 2017 hatten Bäume um das Naturschutzgebiet und um Berlin herum umgeworfen. Die Spuren sind noch vorhanden, aber die gesunden Bäume sind üppig und grün. Dies ist das dritte Waldbad [&hellip;]</p>
