{"id":35435,"date":"2018-11-16T10:15:33","date_gmt":"2018-11-16T10:15:33","guid":{"rendered":"http:\/\/parkprojectberlin.com\/?post_type=project&#038;p=35435"},"modified":"2022-02-28T08:54:45","modified_gmt":"2022-02-28T08:54:45","slug":"stadtwild-wild-city-animals","status":"publish","type":"project","link":"https:\/\/parkprojectberlin.com\/de\/project\/stadtwild-wild-city-animals\/","title":{"rendered":"STADTWILD | wild city animals"},"content":{"rendered":"<p>[et_pb_section fb_built=&#8220;1&#8243; admin_label=&#8220;Hero&#8220; _builder_version=&#8220;3.22&#8243; background_color=&#8220;rgba(255,255,255,0.35)&#8220; background_image=&#8220;https:\/\/parkprojectberlin.com\/wp-content\/uploads\/2018\/11\/Header_Project_Wildlife.jpg&#8220; background_blend=&#8220;multiply&#8220; custom_padding=&#8220;120px|0px|279px|0px&#8220; animation_style=&#8220;zoom&#8220; animation_intensity_zoom=&#8220;4%&#8220;][\/et_pb_section][et_pb_section fb_built=&#8220;1&#8243; admin_label=&#8220;Video Section&#8220; _builder_version=&#8220;3.22&#8243; custom_padding=&#8220;0|0px|0|0px&#8220;][et_pb_row admin_label=&#8220;Video Title&#8220; _builder_version=&#8220;3.25&#8243; custom_padding=&#8220;50px|0px|20px|0px|false|false&#8220;][et_pb_column type=&#8220;4_4&#8243; _builder_version=&#8220;3.25&#8243; custom_padding=&#8220;|||&#8220; custom_padding__hover=&#8220;|||&#8220;][et_pb_text admin_label=&#8220;Video Title&#8220; _builder_version=&#8220;4.7.7&#8243; hover_enabled=&#8220;0&#8243; header_2_font_size_tablet=&#8220;38px&#8220; header_2_font_size_phone=&#8220;28px&#8220; header_2_font_size_last_edited=&#8220;on|phone&#8220; header_font=&#8220;|300|||||||&#8220; header_text_color=&#8220;#000000&#8243; header_font_size=&#8220;40px&#8220; header_font_size_last_edited=&#8220;on|phone&#8220; sticky_enabled=&#8220;0&#8243; header_font_size_phone=&#8220;26px&#8220;]<\/p>\n<h1 style=\"text-align: center;\">STADTWILD | wild city animals<\/h1>\n<p>[\/et_pb_text][\/et_pb_column][\/et_pb_row][et_pb_row admin_label=&#8220;Video&#8220; _builder_version=&#8220;3.25&#8243;][et_pb_column type=&#8220;4_4&#8243; _builder_version=&#8220;3.25&#8243; custom_padding=&#8220;|||&#8220; custom_padding__hover=&#8220;|||&#8220;][et_pb_video src=&#8220;https:\/\/vimeo.com\/299914765&#8243; play_icon_color=&#8220;#ffffff&#8220; _builder_version=&#8220;3.11.1&#8243;][\/et_pb_video][\/et_pb_column][\/et_pb_row][\/et_pb_section][et_pb_section fb_built=&#8220;1&#8243; admin_label=&#8220;Date &#038; Categories&#8220; _builder_version=&#8220;3.22&#8243; custom_margin=&#8220;|||&#8220; custom_padding=&#8220;22px||0|&#8220;][et_pb_row _builder_version=&#8220;4.4.1&#8243; custom_padding=&#8220;0px||0px||false|false&#8220;][et_pb_column type=&#8220;4_4&#8243; _builder_version=&#8220;4.4.1&#8243;][et_pb_text _builder_version=&#8220;3.27.4&#8243;]<\/p>\n<p><strong>Interview aufgezeichnet: <\/strong> Juni 2018<br \/><strong>Filmdatum: <\/strong>2017-2018<strong><br \/> Ort: <\/strong>um\u00a0Berlin<\/p>\n<p>&nbsp;<\/p>\n<p>[\/et_pb_text][\/et_pb_column][\/et_pb_row][\/et_pb_section][et_pb_section fb_built=&#8220;1&#8243; admin_label=&#8220;Video Description&#8220; _builder_version=&#8220;3.22&#8243; background_color=&#8220;#969696&#8243; custom_padding=&#8220;17px|0px|5px|0px|false|false&#8220;][et_pb_row admin_label=&#8220;Video Description&#8220; _builder_version=&#8220;3.25&#8243; custom_padding=&#8220;27px|0px|50px|0px|false|false&#8220;][et_pb_column type=&#8220;4_4&#8243; _builder_version=&#8220;3.25&#8243; custom_padding=&#8220;|||&#8220; custom_padding__hover=&#8220;|||&#8220;][et_pb_text admin_label=&#8220;About the Video title&#8220; _builder_version=&#8220;4.4.1&#8243; text_font=&#8220;Julius Sans One||||||||&#8220; text_text_color=&#8220;#ffffff&#8220; text_font_size=&#8220;32px&#8220; text_line_height=&#8220;1.8em&#8220; background_size=&#8220;initial&#8220; background_position=&#8220;top_left&#8220; background_repeat=&#8220;repeat&#8220; text_orientation=&#8220;center&#8220; max_width=&#8220;700px&#8220; module_alignment=&#8220;left&#8220; animation_style=&#8220;flip&#8220; animation_direction=&#8220;top&#8220; animation_intensity_flip=&#8220;20%&#8220;]<\/p>\n<p style=\"text-align: left;\">\u00dcBER DAS VIDEO<\/p>\n<p>[\/et_pb_text][et_pb_text admin_label=&#8220;Video Description&#8220; _builder_version=&#8220;3.27.4&#8243; text_text_color=&#8220;#ffffff&#8220;]<\/p>\n<p>Schon fr\u00fch in meiner Recherche \u00fcber die Berliner Parks lernte ich die Wildschweine kennen. Ich tr\u00e4umte davon, diese Wildschweine in freier Wildbahn zu sehen und machte Ausfl\u00fcge in die W\u00e4lder mit der Hoffnung, ihnen zu begegnen.<\/p>\n<p>Zu meiner \u00dcberraschung gelang es mir schlie\u00dflich, sie zu sehen, aber auf die unerwarteteste Weise. Beim Radfahren zum Konzert eines Freundes in Teufelsberg (der alten Spionagestation im Grunewald) ging ich einen H\u00fcgel hinauf, als eine Familie von vier Wildschweinen, zwei Erwachsenen und zwei Jungen, direkt in meine Richtung den B\u00fcrgersteig hinunterlief!<\/p>\n<p>Ich habe es geschafft, aus dem Weg zu gehen. Etwas ersch\u00fcttert und traurig, weil ich meine Kamera nicht hatte, ging ich wieder den H\u00fcgel hinauf, als eine dreik\u00f6pfige Familie den gleichen B\u00fcrgersteig hinunterkam und von einer Gr\u00fcnfl\u00e4che zur anderen die Stra\u00dfe hinunter lief.<\/p>\n<p>Diese Begegnung ver\u00e4nderte meine Wahrnehmung der Tierwelt in Berlin. Bevor sie etwas waren, das ich auf einer Liste von Erfahrungen, die ich in Berlin gemacht habe, \u00fcberpr\u00fcfen konnte.<\/p>\n<p>Jetzt sehe ich sie mit mehr Respekt. Das sind Wesen in unserer Mitte, die versuchen zu \u00fcberleben, genau wie wir. Und auch sie stehen vor der Aufgabe, die Barrieren und Chancen zu \u00fcberwinden, die das st\u00e4dtische Leben in ihren Lebensraum bringt.<\/p>\n<p>F\u00fcr diesen Ausschnitt des Park-Projektes Berlin habe ich mit Nicolas Bogislav von Lettow-Vorbeck, Autor von Stadtwild vom Amsel bis Zauneidechse, gesprochen.<\/p>\n<p class=\"first\"><span style=\"font-size: 18px;\">.<\/span><\/p>\n<p>[\/et_pb_text][\/et_pb_column][\/et_pb_row][\/et_pb_section][et_pb_section fb_built=&#8220;1&#8243; fullwidth=&#8220;on&#8220; admin_label=&#8220;Map&#8220; _builder_version=&#8220;3.22&#8243;][et_pb_fullwidth_map address=&#8220;10317 Berlin, Germany&#8220; zoom_level=&#8220;13&#8243; address_lat=&#8220;52.513664077249&#8243; address_lng=&#8220;13.37050962781&#8243; mouse_wheel=&#8220;off&#8220; mobile_dragging=&#8220;off&#8220; _builder_version=&#8220;3.11.1&#8243; child_filter_sepia=&#8220;14%&#8220;][et_pb_map_pin title=&#8220;Tiergarten&#8220; pin_address=&#8220;Gro\u00dfer Tiergarten, Str. des 17. Juni 31, 10785 Berlin, Germany&#8220; pin_address_lat=&#8220;52.5141516&#8243; pin_address_lng=&#8220;13.3591634&#8243; _builder_version=&#8220;3.11.1&#8243;][\/et_pb_map_pin][\/et_pb_fullwidth_map][\/et_pb_section][et_pb_section fb_built=&#8220;1&#8243; fullwidth=&#8220;on&#8220; admin_label=&#8220;Menu&#8220; _builder_version=&#8220;3.22&#8243;][et_pb_fullwidth_menu menu_id=&#8220;33&#8243; submenu_direction=&#8220;upwards&#8220; active_link_color=&#8220;#8d2424&#8243; dropdown_menu_text_color=&#8220;rgba(0,0,0,0.55)&#8220; _builder_version=&#8220;3.18.7&#8243; text_orientation=&#8220;center&#8220;][\/et_pb_fullwidth_menu][\/et_pb_section]<\/p>\n","protected":false},"excerpt":{"rendered":"<p>STADTWILD | wild city animals Interview aufgezeichnet: Juni 2018Filmdatum: 2017-2018 Ort: um\u00a0Berlin &nbsp;\u00dcBER DAS VIDEOSchon fr\u00fch in meiner Recherche \u00fcber die Berliner Parks lernte ich die Wildschweine kennen. Ich tr\u00e4umte davon, diese Wildschweine in freier Wildbahn zu sehen und machte Ausfl\u00fcge in die W\u00e4lder mit der Hoffnung, ihnen zu begegnen. Zu meiner \u00dcberraschung gelang es [&hellip;]<\/p>\n","protected":false},"author":1,"featured_media":35033,"comment_status":"closed","ping_status":"closed","template":"","meta":{"_et_pb_use_builder":"on","_et_pb_old_content":"","_et_gb_content_width":"","footnotes":""},"project_category":[82,85,79],"project_tag":[],"class_list":["post-35435","project","type-project","status-publish","has-post-thumbnail","hentry","project_category-gesprache","project_category-natur","project_category-sommer"],"_links":{"self":[{"href":"https:\/\/parkprojectberlin.com\/de\/wp-json\/wp\/v2\/project\/35435","targetHints":{"allow":["GET"]}}],"collection":[{"href":"https:\/\/parkprojectberlin.com\/de\/wp-json\/wp\/v2\/project"}],"about":[{"href":"https:\/\/parkprojectberlin.com\/de\/wp-json\/wp\/v2\/types\/project"}],"author":[{"embeddable":true,"href":"https:\/\/parkprojectberlin.com\/de\/wp-json\/wp\/v2\/users\/1"}],"replies":[{"embeddable":true,"href":"https:\/\/parkprojectberlin.com\/de\/wp-json\/wp\/v2\/comments?post=35435"}],"version-history":[{"count":1,"href":"https:\/\/parkprojectberlin.com\/de\/wp-json\/wp\/v2\/project\/35435\/revisions"}],"predecessor-version":[{"id":38614,"href":"https:\/\/parkprojectberlin.com\/de\/wp-json\/wp\/v2\/project\/35435\/revisions\/38614"}],"wp:featuredmedia":[{"embeddable":true,"href":"https:\/\/parkprojectberlin.com\/de\/wp-json\/wp\/v2\/media\/35033"}],"wp:attachment":[{"href":"https:\/\/parkprojectberlin.com\/de\/wp-json\/wp\/v2\/media?parent=35435"}],"wp:term":[{"taxonomy":"project_category","embeddable":true,"href":"https:\/\/parkprojectberlin.com\/de\/wp-json\/wp\/v2\/project_category?post=35435"},{"taxonomy":"project_tag","embeddable":true,"href":"https:\/\/parkprojectberlin.com\/de\/wp-json\/wp\/v2\/project_tag?post=35435"}],"curies":[{"name":"wp","href":"https:\/\/api.w.org\/{rel}","templated":true}]}}

<p>[et_pb_section fb_built=&#8220;1&#8243; admin_label=&#8220;Hero&#8220; _builder_version=&#8220;3.22&#8243; background_color=&#8220;rgba(255,255,255,0.35)&#8220; background_image=&#8220;https://parkprojectberlin.com/wp-content/uploads/2018/11/Header_Project_Wildlife.jpg&#8220; background_blend=&#8220;multiply&#8220; custom_padding=&#8220;120px|0px|279px|0px&#8220; animation_style=&#8220;zoom&#8220; animation_intensity_zoom=&#8220;4%&#8220;][/et_pb_section][et_pb_section fb_built=&#8220;1&#8243; admin_label=&#8220;Video Section&#8220; _builder_version=&#8220;3.22&#8243; custom_padding=&#8220;0|0px|0|0px&#8220;][et_pb_row admin_label=&#8220;Video Title&#8220; _builder_version=&#8220;3.25&#8243; custom_padding=&#8220;50px|0px|20px|0px|false|false&#8220;][et_pb_column type=&#8220;4_4&#8243; _builder_version=&#8220;3.25&#8243; custom_padding=&#8220;|||&#8220; custom_padding__hover=&#8220;|||&#8220;][et_pb_text admin_label=&#8220;Video Title&#8220; _builder_version=&#8220;4.7.7&#8243; hover_enabled=&#8220;0&#8243; header_2_font_size_tablet=&#8220;38px&#8220; header_2_font_size_phone=&#8220;28px&#8220; header_2_font_size_last_edited=&#8220;on|phone&#8220; header_font=&#8220;|300|||||||&#8220; header_text_color=&#8220;#000000&#8243; header_font_size=&#8220;40px&#8220; header_font_size_last_edited=&#8220;on|phone&#8220; sticky_enabled=&#8220;0&#8243; header_font_size_phone=&#8220;26px&#8220;]</p>
<h1 style="text-align: center;">STADTWILD | wild city animals</h1>
<p>[/et_pb_text][/et_pb_column][/et_pb_row][et_pb_row admin_label=&#8220;Video&#8220; _builder_version=&#8220;3.25&#8243;][et_pb_column type=&#8220;4_4&#8243; _builder_version=&#8220;3.25&#8243; custom_padding=&#8220;|||&#8220; custom_padding__hover=&#8220;|||&#8220;][et_pb_video src=&#8220;https://vimeo.com/299914765&#8243; play_icon_color=&#8220;#ffffff&#8220; _builder_version=&#8220;3.11.1&#8243;][/et_pb_video][/et_pb_column][/et_pb_row][/et_pb_section][et_pb_section fb_built=&#8220;1&#8243; admin_label=&#8220;Date &#038; Categories&#8220; _builder_version=&#8220;3.22&#8243; custom_margin=&#8220;|||&#8220; custom_padding=&#8220;22px||0|&#8220;][et_pb_row _builder_version=&#8220;4.4.1&#8243; custom_padding=&#8220;0px||0px||false|false&#8220;][et_pb_column type=&#8220;4_4&#8243; _builder_version=&#8220;4.4.1&#8243;][et_pb_text _builder_version=&#8220;3.27.4&#8243;]</p>
<p><strong>Interview aufgezeichnet: </strong> Juni 2018<br /><strong>Filmdatum: </strong>2017-2018<strong><br /> Ort: </strong>um Berlin</p>
<p>&nbsp;</p>
<p>[/et_pb_text][/et_pb_column][/et_pb_row][/et_pb_section][et_pb_section fb_built=&#8220;1&#8243; admin_label=&#8220;Video Description&#8220; _builder_version=&#8220;3.22&#8243; background_color=&#8220;#969696&#8243; custom_padding=&#8220;17px|0px|5px|0px|false|false&#8220;][et_pb_row admin_label=&#8220;Video Description&#8220; _builder_version=&#8220;3.25&#8243; custom_padding=&#8220;27px|0px|50px|0px|false|false&#8220;][et_pb_column type=&#8220;4_4&#8243; _builder_version=&#8220;3.25&#8243; custom_padding=&#8220;|||&#8220; custom_padding__hover=&#8220;|||&#8220;][et_pb_text admin_label=&#8220;About the Video title&#8220; _builder_version=&#8220;4.4.1&#8243; text_font=&#8220;Julius Sans One||||||||&#8220; text_text_color=&#8220;#ffffff&#8220; text_font_size=&#8220;32px&#8220; text_line_height=&#8220;1.8em&#8220; background_size=&#8220;initial&#8220; background_position=&#8220;top_left&#8220; background_repeat=&#8220;repeat&#8220; text_orientation=&#8220;center&#8220; max_width=&#8220;700px&#8220; module_alignment=&#8220;left&#8220; animation_style=&#8220;flip&#8220; animation_direction=&#8220;top&#8220; animation_intensity_flip=&#8220;20%&#8220;]</p>
<p style="text-align: left;">ÜBER DAS VIDEO</p>
<p>[/et_pb_text][et_pb_text admin_label=&#8220;Video Description&#8220; _builder_version=&#8220;3.27.4&#8243; text_text_color=&#8220;#ffffff&#8220;]</p>
<p>Schon früh in meiner Recherche über die Berliner Parks lernte ich die Wildschweine kennen. Ich träumte davon, diese Wildschweine in freier Wildbahn zu sehen und machte Ausflüge in die Wälder mit der Hoffnung, ihnen zu begegnen.</p>
<p>Zu meiner Überraschung gelang es mir schließlich, sie zu sehen, aber auf die unerwarteteste Weise. Beim Radfahren zum Konzert eines Freundes in Teufelsberg (der alten Spionagestation im Grunewald) ging ich einen Hügel hinauf, als eine Familie von vier Wildschweinen, zwei Erwachsenen und zwei Jungen, direkt in meine Richtung den Bürgersteig hinunterlief!</p>
<p>Ich habe es geschafft, aus dem Weg zu gehen. Etwas erschüttert und traurig, weil ich meine Kamera nicht hatte, ging ich wieder den Hügel hinauf, als eine dreiköpfige Familie den gleichen Bürgersteig hinunterkam und von einer Grünfläche zur anderen die Straße hinunter lief.</p>
<p>Diese Begegnung veränderte meine Wahrnehmung der Tierwelt in Berlin. Bevor sie etwas waren, das ich auf einer Liste von Erfahrungen, die ich in Berlin gemacht habe, überprüfen konnte.</p>
<p>Jetzt sehe ich sie mit mehr Respekt. Das sind Wesen in unserer Mitte, die versuchen zu überleben, genau wie wir. Und auch sie stehen vor der Aufgabe, die Barrieren und Chancen zu überwinden, die das städtische Leben in ihren Lebensraum bringt.</p>
<p>Für diesen Ausschnitt des Park-Projektes Berlin habe ich mit Nicolas Bogislav von Lettow-Vorbeck, Autor von Stadtwild vom Amsel bis Zauneidechse, gesprochen.</p>
<p class="first"><span style="font-size: 18px;">.</span></p>
<p>[/et_pb_text][/et_pb_column][/et_pb_row][/et_pb_section][et_pb_section fb_built=&#8220;1&#8243; fullwidth=&#8220;on&#8220; admin_label=&#8220;Map&#8220; _builder_version=&#8220;3.22&#8243;][et_pb_fullwidth_map address=&#8220;10317 Berlin, Germany&#8220; zoom_level=&#8220;13&#8243; address_lat=&#8220;52.513664077249&#8243; address_lng=&#8220;13.37050962781&#8243; mouse_wheel=&#8220;off&#8220; mobile_dragging=&#8220;off&#8220; _builder_version=&#8220;3.11.1&#8243; child_filter_sepia=&#8220;14%&#8220;][et_pb_map_pin title=&#8220;Tiergarten&#8220; pin_address=&#8220;Großer Tiergarten, Str. des 17. Juni 31, 10785 Berlin, Germany&#8220; pin_address_lat=&#8220;52.5141516&#8243; pin_address_lng=&#8220;13.3591634&#8243; _builder_version=&#8220;3.11.1&#8243;][/et_pb_map_pin][/et_pb_fullwidth_map][/et_pb_section][et_pb_section fb_built=&#8220;1&#8243; fullwidth=&#8220;on&#8220; admin_label=&#8220;Menu&#8220; _builder_version=&#8220;3.22&#8243;][et_pb_fullwidth_menu menu_id=&#8220;33&#8243; submenu_direction=&#8220;upwards&#8220; active_link_color=&#8220;#8d2424&#8243; dropdown_menu_text_color=&#8220;rgba(0,0,0,0.55)&#8220; _builder_version=&#8220;3.18.7&#8243; text_orientation=&#8220;center&#8220;][/et_pb_fullwidth_menu][/et_pb_section]</p>

<p>STADTWILD | wild city animals Interview aufgezeichnet: Juni 2018Filmdatum: 2017-2018 Ort: um Berlin &nbsp;ÜBER DAS VIDEOSchon früh in meiner Recherche über die Berliner Parks lernte ich die Wildschweine kennen. Ich träumte davon, diese Wildschweine in freier Wildbahn zu sehen und machte Ausflüge in die Wälder mit der Hoffnung, ihnen zu begegnen. Zu meiner Überraschung gelang es [&hellip;]</p>
